15
2449
Convert 12431 (base 7) to base 15.
ea5
What is d13c (base 15) in base 3?
2020120110
What is 56 (base 15) in base 8?
121
22021 (base 3) to base 4
3133
What is 4512 (base 7) in base 13?
981
What is -2693 (base 16) in base 15?
-2dd5
What is -215 (base 13) in base 14?
-1b6
What is 4121 (base 10) in base 6?
31025
-1434 (base 5) to base 2
-11110100
Convert -6708 (base 10) to base 3.
-100012110
Convert 6544 (base 10) to base 13.
2c95
Convert -10101100011111 (base 2) to base 14.
-4047
Convert 1403525 (base 6) to base 2.
10011001100001101
What is 212 (base 10) in base 7?
422
What is -1b83b (base 13) in base 7?
-313546
Convert -44332 (base 7) to base 6.
-123334
38 (base 16) to base 3
2002
Convert 46b9 (base 13) to base 15.
2e39
1256 (base 8) to base 13
40a
Convert -42231 (base 6) to base 9.
-7741
What is -67 (base 13) in base 14?
-61
What is -1a7a (base 11) in base 4?
-221010
-1010101021 (base 3) to base 16
-5683
What is -1310 (base 13) in base 14?
-dc1
Convert 20000 (base 4) to base 12.
368
Convert -54247 (base 8) to base 14.
-83b1
What is 234423 (base 5) in base 16?
2222
What is 40465 (base 7) in base 16?
2677
Convert 11628 (base 9) to base 3.
101200222
4414 (base 6) to base 7
2653
34421 (base 5) to base 12
1532
What is -3412 (base 9) in base 5?
-40042
What is 3631 (base 8) in base 14?
9cd
-2d6a (base 16) to base 6
-125454
-3997 (base 12) to base 8
-14703
What is -710 (base 11) in base 7?
-2334
-11121122 (base 3) to base 9
-4548
Convert -6 (base 7) to base 6.
-10
Convert 22b (base 12) to base 7.
641
Convert -122 (base 5) to base 11.
-34
-20225 (base 7) to base 2
-1001100110111
657 (base 14) to base 5
20003
-10122111100 (base 3) to base 16
-1187a
98 (base 16) to base 15
a2
11100000101000 (base 2) to base 9
21643
2243 (base 7) to base 6
3435
1884 (base 15) to base 10
5299
What is -532 (base 7) in base 9?
-327
1110100110011 (base 2) to base 11
5686
Convert -90230 (base 10) to base 6.
-1533422
Convert 20121 (base 4) to base 10.
537
Convert -42301 (base 5) to base 8.
-5412
1701 (base 8) to base 2
1111000001
What is -2893 (base 11) in base 3?
-12010020
What is 33b (base 12) in base 10?
479
What is 12069 (base 10) in base 16?
2f25
What is 113 (base 15) in base 5?
1433
What is -100011010010001 (base 2) in base 11?
-12633
40201 (base 5) to base 13
1213
What is -13310322 (base 4) in base 6?
-404230
What is c1 (base 15) in base 8?
265
110111 (base 2) to base 7
106
Convert -1122202022 (base 3) to base 13.
-11b07
What is 14253 (base 6) in base 14?
b7b
What is -34e0 (base 15) in base 10?
-11235
What is -a887 (base 11) in base 3?
-201201100
What is 687a (base 12) in base 2?
10110101011110
3221 (base 4) to base 12
175
Convert 12d (base 16) to base 12.
211
-6316 (base 7) to base 14
-b46
What is -11000011 (base 2) in base 9?
-236
20c (base 13) to base 16
15e
Convert 12330 (base 5) to base 11.
7a8
What is -1110 (base 7) in base 8?
-617
Convert 1563 (base 8) to base 10.
883
-20404 (base 6) to base 10
-2740
What is 3333 (base 4) in base 2?
11111111
What is -32d8 (base 16) in base 9?
-18762
What is -35c9 (base 14) in base 9?
-13782
What is 52 (base 12) in base 15?
42
What is 4264 (base 9) in base 15?
de1
Convert 103 (base 7) to base 12.
44
-335 (base 16) to base 13
-4b2
-7a2 (base 13) to base 3
-1210201
Convert -23255 (base 8) to base 2.
-10011010101101
What is -2a35 (base 11) in base 6?
-30034
Convert 627 (base 14) to base 11.
a01
What is -45 (base 8) in base 3?
-1101
-20135 (base 6) to base 13
-128c
What is 522 (base 14) in base 7?
2642
131112 (base 6) to base 8
27224
-13312 (base 4) to base 14
-27c
What is -10857 (base 9) in base 7?
-30112
14996 (base 10) to base 13
6a97
Convert -155 (base 10) to base 12.
-10b
Convert 431 (base 8) to base 9.
342
-484 (base 11) to base 13
-354
-d1b (base 16) to base 9
-4537
-111110010001001 (base 2) to base 8
-76211
11115 (base 12) to base 11
15aa9
-7251 (base 14) to base 2
-100110011010111
Convert 1330341 (base 5) to base 6.
324511
Convert 10125 (base 12) to base 3.
1001200102
Convert 19a0 (base 13) to base 15.
1218
What is 8575 (base 12) in base 10?
14633
What is -2245 (base 6) in base 5?
-4113
-21021120 (base 3) to base 6
-40323
-110011010111 (base 2) to base 6
-23115
What is -30479 (base 10) in base 13?
-10b47
Convert -11010011 (base 3) to base 14.
-1145
Convert -1290 (base 10) to base 6.
-5550
Convert 1336 (base 8) to base 5.
10414
64205 (base 8) to base 10
26757
-31ce (base 16) to base 6
-135010
What is -535 (base 6) in base 8?
-313
What is -1121 (base 5) in base 8?
-241
What is -391 (base 16) in base 13?
-553
What is -2682 (base 9) in base 11?
-1575
720 (base 14) to base 7
4040
a47 (base 14) to base 4
133213
Convert -1251 (base 6) to base 5.
-2234
Convert 3001 (base 12) to base 5.
131220
What is -223132 (base 5) in base 8?
-17355
Convert -1031012 (base 4) to base 10.
-4934
What is -4717 (base 8) in base 9?
-3400
Convert 3210000 (base 4) to base 13.
6846
Convert -70 (base 12) to base 10.
-84
Convert 852 (base 12) to base 6.
5342
What is -110011100110 (base 2) in base 15?
-ea2
What is -9c (base 13) in base 7?
-243
What is -202101 (base 3) in base 14?
-2b4
Convert -2525 (base 12) to base 16.
-106d
What is -48a8 (base 13) in base 5?
-312103
20142 (base 5) to base 10
1297
1374d (base 16) to base 4
103131031
What is -1075 (base 11) in base 12?
-999
Convert 1282 (base 16) to base 3.
20111111
Convert 589 (base 13) to base 9.
1274
11 (base 13) to base 3
112
What is -1001100100 (base 2) in base 4?
-21210
220211110 (base 3) to base 5
1034402
20 (base 7) to base 10
14
What is -2234 (base 7) in base 2?
-1100101001
-4277 (base 11) to base 16
-1612
-15 (base 14) to base 4
-103
What is -26ea (base 15) in base 14?
-3064
What is 44354 (base 6) in base 4?
1200232
19e2 (base 15) to base 5
134422
30bd (base 14) to base 13
3a91
-1203 (base 7) to base 16
-1bc
-38d (base 15) to base 10
-808
489 (base 13) to base 6
3353
Convert -30536 (base 7) to base 14.
-2a1d
What is 569 (base 15) in base 9?
1610
What is -22320023 (base 4) in base 7?
-243620
116d2 (base 14) to base 15
c8ea
What is -10e (base 15) in base 12?
-17b
17e (base 16) to base 10
382
Convert -324 (base 13) to base 6.
-2253
Convert 14344 (base 6) to base 10.
2296
Convert -47d (base 16) to base 13.
-6a5
-1b8 (base 14) to base 6
-1354
What is -1002211111 (base 3) in base 8?
-52364
517a (base 14) to base 6
144532
Convert 2012023 (base 4) to base 3.
102210001
Convert 116d (base 16) to base 6.
32353
10022 (base 7) to base 11
18a8
-2367 (base 9) to base 10
-1762
11251 (base 6) to base 4
121033
What is 3138 (base 14) in base 16?
211e
530253 (base 6) to base 2
1010011101111001
-3a6 (base 14) to base 4
-23132
What is 3041 (base 5) in base 12?
290
3500 (base 6) to base 14
432
What is 200222 (base 3) in base 5?
4022
40404 (base 5) to base 2
101000101100
Convert 287 (base 10) to base 6.
1155
102201 (base 3) to base 12
224
What is -cd1 (base 15) in base 11?
-21a3
What is 2257 (base 8) in base 10?
1199
Convert 5031 (base 6) to base 10.
1099
Convert -160523 (base 7) to base 13.
-11432
-559 (base 10) to base 9
-681
What is 2049 (base 12) in base 9?
4733
Convert 116 (base 8) to base 7.
141
Convert -d96a (base 15) to base 4.
-23032300
242014 (base 5) to base 4
2030301
What is -426 (base 10) in base 8?
-652
-394 (base 11) to base 10
-466
Convert 120011 (base 5) to base 7.
15526
Convert -37506 (base 8) to base 3.
-211012221
-36ca (base 15) to base 16
-2d91
-24 (base 7) to base 16
-12
Convert 43c (base 14) to base 8.
1506
-5034 (base 11) to base 15
-1eb2
-1344 (base 11) to base 6
-12022
What is a740 (base 13) in base 12?
11519
-10001 (base 5) to base 12
-442
d30 (base 14) to base 15
b7a
76771 (base 8) to base 3
1122020102
-100211201 (base 3) to base 14
-2886
What is 250c (base 13) in base 12?
3057
Convert -31135 (base 7) to base 13.
-3613
Convert -201305 (base 6) to base 15.
-4a8b
What is -5438 (base 12) in base 3?
-110200222
What is 300324 (base 7) in base 10?
50586
Convert 9070 (base 11) to base 5.
341211
What is -799 (base 10) in base 6?
-3411
Convert 31302 (base 4) to base 13.
52b
What is 9bd2 (base 15) in base 2?
1000000100010111
-1a (base 13) to base 15
-18
Convert 4100 (base 5) to base 4.
20031
2230220 (base 4) to base 2
10101100101000
-5564 (base 7) to base 9
-2668
Convert -700a (base 16) to base 